{"id":1782,"date":"2020-08-12T04:16:51","date_gmt":"2020-08-12T04:16:51","guid":{"rendered":"https:\/\/radiored.com.mx\/blog\/?page_id=1782"},"modified":"2020-08-30T22:46:45","modified_gmt":"2020-08-30T22:46:45","slug":"radios-para-mineria","status":"publish","type":"page","link":"https:\/\/radiored.com.mx\/blog\/radios-para-mineria\/","title":{"rendered":"Radios para miner\u00eda"},"content":{"rendered":"\n<p>Promover un entorno de trabajo seguro y 100% eficiente es muy importante en cualquier \u00e1mbito, pero si hablamos de la miner\u00eda el desaf\u00edo es mayor. Una alternativa para garantizar la seguridad es usar <strong>radios para miner\u00eda.<\/strong><\/p>\n\n\n\n<p>Esta soluci\u00f3n comunicacional no solo les dar\u00e1 tranquilidad a los trabajadores sino que tambi\u00e9n los estimular\u00e1 a ser productivos. Tambi\u00e9n contribuye a la conservaci\u00f3n del medio ambiente.<\/p>\n\n\n\n<p>En la econom\u00eda de algunos pa\u00edses, la miner\u00eda es una industrial indispensable, tal es el caso de M\u00e9xico. En el pa\u00eds azteca existen grandes&nbsp; yacimientos de plata que est\u00e1n activos y productivos generando miles de empleos directos e indirectos y con repercusi\u00f3n en toda la econom\u00eda del pa\u00eds.<\/p>\n\n\n\n<h2 class=\"wp-block-heading\">\u00bfPor qu\u00e9 las radios para miner\u00edas son indispensables?<\/h2>\n\n\n\n<p><strong>Las radios para miner\u00eda<\/strong> garantizan una comunicaci\u00f3n segura en uno de los entornos de trabajo m\u00e1s exigentes que existen.<\/p>\n\n\n\n<p>Por ejemplo, algunos procesos que se practican en esta industria incluyen el manejo de sustancias peligrosas. En este sentido es importante una comunicaci\u00f3n segura y fluida.<\/p>\n\n\n\n<p>El tema de la comunicaci\u00f3n es vital en la industria de la miner\u00eda. Si se hace de forma correcta y cuando sea preciso, las tareas diarias se llevar\u00e1n a cabo con m\u00e1s fluidez.<\/p>\n\n\n\n<p>A\u00fan m\u00e1s importante, el uso de <strong>radios en la miner\u00eda<\/strong> puede evitar p\u00e9rdidas humanas.<\/p>\n\n\n\n<p>En un ambiente de trabajo&nbsp; tan peligroso, en cualquier momento pudiera ocurrir un accidente. Tener acceso a estos dispositivos para una comunicaci\u00f3n oportuna, puede ser la diferencia entre la vida y la muerte.<\/p>\n\n\n\n<p>Hoy en d\u00eda el mercado especializado ofrece alternativas tentadoras en cuando a nuevas marcas de radios con funciones incre\u00edbles.<\/p>\n\n\n\n<p>Dispositivos port\u00e1tiles de transmisi\u00f3n y recepci\u00f3n que no solo garantizar\u00e1n una comunicaci\u00f3n m\u00e1s segura y fluida sino que tambi\u00e9n facilitar\u00e1n posibles coordinaciones para extracci\u00f3n de personal en caso de accidentes.<\/p>\n\n\n\n<h2 class=\"wp-block-heading\">Radios para miner\u00eda: Las mejores opciones para entornos exigentes<\/h2>\n\n\n\n<div class=\"wp-block-image\"><figure class=\"aligncenter size-large\"><img fetchpriority=\"high\" decoding=\"async\" width=\"910\" height=\"391\" src=\"https:\/\/radiored.com.mx\/blog\/wp-content\/uploads\/2020\/08\/gold-construction-australia-west-australia-western-australia.jpg\" alt=\"Radios para miner\u00eda\" class=\"wp-image-1785\" srcset=\"https:\/\/radiored.com.mx\/blog\/wp-content\/uploads\/2020\/08\/gold-construction-australia-west-australia-western-australia.jpg 910w, https:\/\/radiored.com.mx\/blog\/wp-content\/uploads\/2020\/08\/gold-construction-australia-west-australia-western-australia-300x129.jpg 300w, https:\/\/radiored.com.mx\/blog\/wp-content\/uploads\/2020\/08\/gold-construction-australia-west-australia-western-australia-768x330.jpg 768w\" sizes=\"(max-width: 910px) 100vw, 910px\" \/><\/figure><\/div>\n\n\n\n<p>Se trata de un \u00e1rea de trabajo hostil y exigente para los equipos electr\u00f3nicos, &nbsp;por eso &nbsp;deben contar con certificaciones y est\u00e1ndares que especifiquen que son equipos de radios aptos para la miner\u00eda.<\/p>\n\n\n\n<p>Nuestra primera &nbsp;recomendaci\u00f3n es el radio <a href=\"https:\/\/radiored.com.mx\/450-520-mhz-certificacion-msha-para-mineria-menu-de-funciones-boton-de-panico-solo-radio-nx-303-kis-s-sys-nx-303-kis-s.html\">Kenwood Nx-303-KIS-S<\/a>, especial para miner\u00eda con certificaci\u00f3n MSHA y las mejores funciones para &nbsp;garantizar la seguridad del personal minero.<\/p>\n\n\n\n<p>Este equipo tiene 128 canales y trabaja con 5 Watts de potencia, adem\u00e1s es compatible con sistemas troncales Nexedge. Incluye una tecla de emergencia&nbsp; o bot\u00f3n de p\u00e1nico que ser\u00e1 de gran utilidad ante cualquier eventualidad en el \u00e1rea de trabajo.<\/p>\n\n\n\n<h2 class=\"wp-block-heading\">Es un <strong>radio para miner\u00eda<\/strong>&nbsp;robusto, resistente a las zonas m\u00e1s hostiles de trabajo<\/h2>\n\n\n\n<p>El Nx-303-KIS-S de Kenwood es un radio con est\u00e1ndares militares MIL-STD 810 C, D, E y F&nbsp; y cumple con la norma IP54\/55 que lo hace un radio&nbsp; resistente al polvo y a la humedad.<\/p>\n\n\n\n<p>La segunda mejor opci\u00f3n es el radio especial para miner\u00eda <a href=\"https:\/\/radiored.com.mx\/450-520-mhz-intrinsecamente-seguro-msha-especial-para-mineria-incluye-bateria-antena-cargador-y-clip-nx-303-kis-sys-nx-303-kis.html\">Kenwood Nx-303-KIS<\/a>. Este es un equipo seguro con una excelente autonom\u00eda y mejor desempe\u00f1o.<\/p>\n\n\n\n<p>Incluye funci\u00f3n Scan sencillo, multizona y con doble prioridad. Cabe destacar que este dispositivo tambi\u00e9n cuenta con certificaci\u00f3n MSHA y tecla de emergencia auxiliar.<\/p>\n\n\n\n<p>Tiene disponible 512 canales en 128 zonas, en su pantalla encuentra iconos de funciones y&nbsp; adem\u00e1s tiene opci\u00f3n a 14 caracteres alfanum\u00e9ricos.<\/p>\n\n\n\n<p>Y la tercera recomendaci\u00f3n, tambi\u00e9n de la serie \u00a0intr\u00ednseca de Kenwood especial para miner\u00edas, es el <a href=\"https:\/\/radiored.com.mx\/450-520-mhz-5-w-de-potencia-ver-intrinsecamente-segura-incluye-antena-bateria-cargador-y-clip-tk-3360-kis-sys-tk-3360-kis.html\">TK-3360-KIS.<\/a> Un equipo que le \u00a0garantiza excelente cobertura incluso en zonas mineras.<\/p>\n\n\n\n<p>El dise\u00f1o de este radio est\u00e1 pensado para un entorno de trabajo dif\u00edcil, &nbsp;su personal de &nbsp;mineros estar\u00e1 c\u00f3modo con este equipo en sus manos porque&nbsp; es ligero y muy compacto.<\/p>\n\n\n\n<p>Es el mejor equipo para brindarle seguridad a su personal, sobre todo\u00a0\u00a0 en la comunicaci\u00f3n bidireccional gracias \u00a0\u00a0a sus 5 Watts de poder de salida en VHF y UHF.<\/p>\n\n\n\n<p>La cuarta opci\u00f3n es un radio que aprovecha las nuevas tecnolog\u00edas y se est\u00e1 posicionando fuertemente en el \u00e1rea de la miner\u00eda, nos referimos al radio <a href=\"https:\/\/radiored.com.mx\/radio-wifi-2-4ghz-5ghz-alta-cobertura-sumergible-ip67-integracion-con-telefonia-radios-encriptacion-alto-nivel-cargador-rapido-bc-202-incluido-ip-100h-sys-ip-100h.html\">ICOM IP-100H<\/a> el cual puede brindar comunicaci\u00f3n a trav\u00e9s de una rede de datos LAN \u00f3 WIFi cuenta con certifiacaciones (IP67) que lo hacen un equipo confiable y robusto.<\/p>\n\n\n\n<p>Esta tecnolog\u00eda consta de 3 elementos, por una lado est\u00e1 el Radio IP-100H que opera conect\u00e1ndose a la red Wifi, por otro lado un controlador <a href=\"https:\/\/radiored.com.mx\/controlador-de-hasta-100-radios-de-comunicacion-ip100h-por-wi-fi-ip-1000c-100-sys-ip-1000c-100.html\">IP-1000C\/100<\/a> que puede soportar hasta 100 radios en una misma red, y hasta 11 controladores dentro de un sistema, logrando un total de 1,100 radios Wifi operando en el mismo espacio, y por \u00faltimo de manera opcional puede usar el software de comunicaciones IP100FS que se puede instalar en cualquier computadora con Windows.<\/p>\n\n\n\n<p>En conclusi\u00f3n, cuatro de las mejores opciones para que elija\u00a0 su equipo de <strong>radios para miner\u00eda <\/strong>y dote a su personal de un dispositivo seguro y confiable para una eficiente\u00a0 comunicaci\u00f3n en la zona de trabajo.<\/p>\n","protected":false},"excerpt":{"rendered":"<p>Promover un entorno de trabajo seguro y 100% eficiente es muy importante en cualquier \u00e1mbito, pero si hablamos de la miner\u00eda el desaf\u00edo es mayor. Una alternativa para garantizar la seguridad es usar radios para miner\u00eda. Esta soluci\u00f3n comunicacional no solo les dar\u00e1 tranquilidad a los trabajadores sino que tambi\u00e9n los estimular\u00e1 a ser productivos. [&hellip;]<\/p>\n","protected":false},"author":2,"featured_media":1783,"parent":0,"menu_order":0,"comment_status":"closed","ping_status":"closed","template":"","meta":{"_uag_custom_page_level_css":"","_mi_skip_tracking":false,"_monsterinsights_sitenote_active":false,"_monsterinsights_sitenote_note":"","_monsterinsights_sitenote_category":0,"site-sidebar-layout":"default","site-content-layout":"default","ast-site-content-layout":"default","site-content-style":"default","site-sidebar-style":"default","ast-global-header-display":"","ast-banner-title-visibility":"","ast-main-header-display":"","ast-hfb-above-header-display":"","ast-hfb-below-header-display":"","ast-hfb-mobile-header-display":"","site-post-title":"","ast-breadcrumbs-content":"","ast-featured-img":"","footer-sml-layout":"","ast-disable-related-posts":"","theme-transparent-header-meta":"default","adv-header-id-meta":"","stick-header-meta":"default","header-above-stick-meta":"","header-main-stick-meta":"","header-below-stick-meta":"","astra-migrate-meta-layouts":"default","ast-page-background-enabled":"default","ast-page-background-meta":{"desktop":{"background-color":"","background-image":"","background-repeat":"repeat","background-position":"center center","background-size":"auto","background-attachment":"scroll","background-type":"","background-media":"","overlay-type":"","overlay-color":"","overlay-opacity":"","overlay-gradient":""},"tablet":{"background-color":"","background-image":"","background-repeat":"repeat","background-position":"center center","background-size":"auto","background-attachment":"scroll","background-type":"","background-media":"","overlay-type":"","overlay-color":"","overlay-opacity":"","overlay-gradient":""},"mobile":{"background-color":"","background-image":"","background-repeat":"repeat","background-position":"center center","background-size":"auto","background-attachment":"scroll","background-type":"","background-media":"","overlay-type":"","overlay-color":"","overlay-opacity":"","overlay-gradient":""}},"ast-content-background-meta":{"desktop":{"background-color":"var(--ast-global-color-5)","background-image":"","background-repeat":"repeat","background-position":"center center","background-size":"auto","background-attachment":"scroll","background-type":"","background-media":"","overlay-type":"","overlay-color":"","overlay-opacity":"","overlay-gradient":""},"tablet":{"background-color":"var(--ast-global-color-5)","background-image":"","background-repeat":"repeat","background-position":"center center","background-size":"auto","background-attachment":"scroll","background-type":"","background-media":"","overlay-type":"","overlay-color":"","overlay-opacity":"","overlay-gradient":""},"mobile":{"background-color":"var(--ast-global-color-5)","background-image":"","background-repeat":"repeat","background-position":"center center","background-size":"auto","background-attachment":"scroll","background-type":"","background-media":"","overlay-type":"","overlay-color":"","overlay-opacity":"","overlay-gradient":""}},"footnotes":""},"class_list":["post-1782","page","type-page","status-publish","has-post-thumbnail","hentry"],"yoast_head":"<!-- This site is optimized with the Yoast SEO Premium plugin v20.11 (Yoast SEO v27.3) - https:\/\/yoast.com\/product\/yoast-seo-premium-wordpress\/ -->\n<title>Radios para miner\u00eda: La m\u00e1s alta tecnolog\u00eda para terrenos hostiles<\/title>\n<meta name=\"description\" content=\"Si est\u00e1 buscando una alternativa para garantizar la seguridad de sus obreros, le recomendamos las radios para miner\u00eda. Conozca nuestra propuesta.\" \/>\n<meta name=\"robots\" content=\"index, follow, max-snippet:-1, max-image-preview:large, max-video-preview:-1\" \/>\n<link rel=\"canonical\" href=\"https:\/\/radiored.com.mx\/blog\/radios-para-mineria\/\" \/>\n<meta property=\"og:locale\" content=\"es_MX\" \/>\n<meta property=\"og:type\" content=\"article\" \/>\n<meta property=\"og:title\" content=\"Radios para miner\u00eda\" \/>\n<meta property=\"og:description\" content=\"Si est\u00e1 buscando una alternativa para garantizar la seguridad de sus obreros, le recomendamos las radios para miner\u00eda. Conozca nuestra propuesta.\" \/>\n<meta property=\"og:url\" content=\"https:\/\/radiored.com.mx\/blog\/radios-para-mineria\/\" \/>\n<meta property=\"og:site_name\" content=\"Radios kenwood | Blog de Radiored\" \/>\n<meta property=\"article:modified_time\" content=\"2020-08-30T22:46:45+00:00\" \/>\n<meta property=\"og:image\" content=\"https:\/\/radiored.com.mx\/blog\/wp-content\/uploads\/2020\/08\/ID-2.2.jpg\" \/>\n\t<meta property=\"og:image:width\" content=\"1000\" \/>\n\t<meta property=\"og:image:height\" content=\"750\" \/>\n\t<meta property=\"og:image:type\" content=\"image\/jpeg\" \/>\n<meta name=\"twitter:card\" content=\"summary_large_image\" \/>\n<meta name=\"twitter:label1\" content=\"Tiempo de lectura\" \/>\n\t<meta name=\"twitter:data1\" content=\"4 minutos\" \/>\n<script type=\"application\/ld+json\" class=\"yoast-schema-graph\">{\"@context\":\"https:\\\/\\\/schema.org\",\"@graph\":[{\"@type\":\"WebPage\",\"@id\":\"https:\\\/\\\/radiored.com.mx\\\/blog\\\/radios-para-mineria\\\/\",\"url\":\"https:\\\/\\\/radiored.com.mx\\\/blog\\\/radios-para-mineria\\\/\",\"name\":\"Radios para miner\u00eda: La m\u00e1s alta tecnolog\u00eda para terrenos hostiles\",\"isPartOf\":{\"@id\":\"https:\\\/\\\/radiored.com.mx\\\/blog\\\/#website\"},\"primaryImageOfPage\":{\"@id\":\"https:\\\/\\\/radiored.com.mx\\\/blog\\\/radios-para-mineria\\\/#primaryimage\"},\"image\":{\"@id\":\"https:\\\/\\\/radiored.com.mx\\\/blog\\\/radios-para-mineria\\\/#primaryimage\"},\"thumbnailUrl\":\"https:\\\/\\\/radiored.com.mx\\\/blog\\\/wp-content\\\/uploads\\\/2020\\\/08\\\/ID-2.2.jpg\",\"datePublished\":\"2020-08-12T04:16:51+00:00\",\"dateModified\":\"2020-08-30T22:46:45+00:00\",\"description\":\"Si est\u00e1 buscando una alternativa para garantizar la seguridad de sus obreros, le recomendamos las radios para miner\u00eda. Conozca nuestra propuesta.\",\"breadcrumb\":{\"@id\":\"https:\\\/\\\/radiored.com.mx\\\/blog\\\/radios-para-mineria\\\/#breadcrumb\"},\"inLanguage\":\"es\",\"potentialAction\":[{\"@type\":\"ReadAction\",\"target\":[\"https:\\\/\\\/radiored.com.mx\\\/blog\\\/radios-para-mineria\\\/\"]}]},{\"@type\":\"ImageObject\",\"inLanguage\":\"es\",\"@id\":\"https:\\\/\\\/radiored.com.mx\\\/blog\\\/radios-para-mineria\\\/#primaryimage\",\"url\":\"https:\\\/\\\/radiored.com.mx\\\/blog\\\/wp-content\\\/uploads\\\/2020\\\/08\\\/ID-2.2.jpg\",\"contentUrl\":\"https:\\\/\\\/radiored.com.mx\\\/blog\\\/wp-content\\\/uploads\\\/2020\\\/08\\\/ID-2.2.jpg\",\"width\":1000,\"height\":750,\"caption\":\"Las radios son muy \u00fatiles en \u00e1reas de dif\u00edcil acceso\"},{\"@type\":\"BreadcrumbList\",\"@id\":\"https:\\\/\\\/radiored.com.mx\\\/blog\\\/radios-para-mineria\\\/#breadcrumb\",\"itemListElement\":[{\"@type\":\"ListItem\",\"position\":1,\"name\":\"Home\",\"item\":\"https:\\\/\\\/radiored.com.mx\\\/blog\\\/\"},{\"@type\":\"ListItem\",\"position\":2,\"name\":\"Radios para miner\u00eda\"}]},{\"@type\":\"WebSite\",\"@id\":\"https:\\\/\\\/radiored.com.mx\\\/blog\\\/#website\",\"url\":\"https:\\\/\\\/radiored.com.mx\\\/blog\\\/\",\"name\":\"Radios kenwood | Blog de Radiored\",\"description\":\"Blog sobre Radiocomuniaci\u00f3n\",\"publisher\":{\"@id\":\"https:\\\/\\\/radiored.com.mx\\\/blog\\\/#organization\"},\"potentialAction\":[{\"@type\":\"SearchAction\",\"target\":{\"@type\":\"EntryPoint\",\"urlTemplate\":\"https:\\\/\\\/radiored.com.mx\\\/blog\\\/?s={search_term_string}\"},\"query-input\":{\"@type\":\"PropertyValueSpecification\",\"valueRequired\":true,\"valueName\":\"search_term_string\"}}],\"inLanguage\":\"es\"},{\"@type\":\"Organization\",\"@id\":\"https:\\\/\\\/radiored.com.mx\\\/blog\\\/#organization\",\"name\":\"Radios kenwood | Blog de Radiored\",\"url\":\"https:\\\/\\\/radiored.com.mx\\\/blog\\\/\",\"logo\":{\"@type\":\"ImageObject\",\"inLanguage\":\"es\",\"@id\":\"https:\\\/\\\/radiored.com.mx\\\/blog\\\/#\\\/schema\\\/logo\\\/image\\\/\",\"url\":\"https:\\\/\\\/radiored.com.mx\\\/blog\\\/wp-content\\\/uploads\\\/2020\\\/06\\\/logo_opcion_11.png\",\"contentUrl\":\"https:\\\/\\\/radiored.com.mx\\\/blog\\\/wp-content\\\/uploads\\\/2020\\\/06\\\/logo_opcion_11.png\",\"width\":4116,\"height\":3582,\"caption\":\"Radios kenwood | Blog de Radiored\"},\"image\":{\"@id\":\"https:\\\/\\\/radiored.com.mx\\\/blog\\\/#\\\/schema\\\/logo\\\/image\\\/\"}}]}<\/script>\n<!-- \/ Yoast SEO Premium plugin. -->","yoast_head_json":{"title":"Radios para miner\u00eda: La m\u00e1s alta tecnolog\u00eda para terrenos hostiles","description":"Si est\u00e1 buscando una alternativa para garantizar la seguridad de sus obreros, le recomendamos las radios para miner\u00eda. Conozca nuestra propuesta.","robots":{"index":"index","follow":"follow","max-snippet":"max-snippet:-1","max-image-preview":"max-image-preview:large","max-video-preview":"max-video-preview:-1"},"canonical":"https:\/\/radiored.com.mx\/blog\/radios-para-mineria\/","og_locale":"es_MX","og_type":"article","og_title":"Radios para miner\u00eda","og_description":"Si est\u00e1 buscando una alternativa para garantizar la seguridad de sus obreros, le recomendamos las radios para miner\u00eda. Conozca nuestra propuesta.","og_url":"https:\/\/radiored.com.mx\/blog\/radios-para-mineria\/","og_site_name":"Radios kenwood | Blog de Radiored","article_modified_time":"2020-08-30T22:46:45+00:00","og_image":[{"width":1000,"height":750,"url":"https:\/\/radiored.com.mx\/blog\/wp-content\/uploads\/2020\/08\/ID-2.2.jpg","type":"image\/jpeg"}],"twitter_card":"summary_large_image","twitter_misc":{"Tiempo de lectura":"4 minutos"},"schema":{"@context":"https:\/\/schema.org","@graph":[{"@type":"WebPage","@id":"https:\/\/radiored.com.mx\/blog\/radios-para-mineria\/","url":"https:\/\/radiored.com.mx\/blog\/radios-para-mineria\/","name":"Radios para miner\u00eda: La m\u00e1s alta tecnolog\u00eda para terrenos hostiles","isPartOf":{"@id":"https:\/\/radiored.com.mx\/blog\/#website"},"primaryImageOfPage":{"@id":"https:\/\/radiored.com.mx\/blog\/radios-para-mineria\/#primaryimage"},"image":{"@id":"https:\/\/radiored.com.mx\/blog\/radios-para-mineria\/#primaryimage"},"thumbnailUrl":"https:\/\/radiored.com.mx\/blog\/wp-content\/uploads\/2020\/08\/ID-2.2.jpg","datePublished":"2020-08-12T04:16:51+00:00","dateModified":"2020-08-30T22:46:45+00:00","description":"Si est\u00e1 buscando una alternativa para garantizar la seguridad de sus obreros, le recomendamos las radios para miner\u00eda. Conozca nuestra propuesta.","breadcrumb":{"@id":"https:\/\/radiored.com.mx\/blog\/radios-para-mineria\/#breadcrumb"},"inLanguage":"es","potentialAction":[{"@type":"ReadAction","target":["https:\/\/radiored.com.mx\/blog\/radios-para-mineria\/"]}]},{"@type":"ImageObject","inLanguage":"es","@id":"https:\/\/radiored.com.mx\/blog\/radios-para-mineria\/#primaryimage","url":"https:\/\/radiored.com.mx\/blog\/wp-content\/uploads\/2020\/08\/ID-2.2.jpg","contentUrl":"https:\/\/radiored.com.mx\/blog\/wp-content\/uploads\/2020\/08\/ID-2.2.jpg","width":1000,"height":750,"caption":"Las radios son muy \u00fatiles en \u00e1reas de dif\u00edcil acceso"},{"@type":"BreadcrumbList","@id":"https:\/\/radiored.com.mx\/blog\/radios-para-mineria\/#breadcrumb","itemListElement":[{"@type":"ListItem","position":1,"name":"Home","item":"https:\/\/radiored.com.mx\/blog\/"},{"@type":"ListItem","position":2,"name":"Radios para miner\u00eda"}]},{"@type":"WebSite","@id":"https:\/\/radiored.com.mx\/blog\/#website","url":"https:\/\/radiored.com.mx\/blog\/","name":"Radios kenwood | Blog de Radiored","description":"Blog sobre Radiocomuniaci\u00f3n","publisher":{"@id":"https:\/\/radiored.com.mx\/blog\/#organization"},"potentialAction":[{"@type":"SearchAction","target":{"@type":"EntryPoint","urlTemplate":"https:\/\/radiored.com.mx\/blog\/?s={search_term_string}"},"query-input":{"@type":"PropertyValueSpecification","valueRequired":true,"valueName":"search_term_string"}}],"inLanguage":"es"},{"@type":"Organization","@id":"https:\/\/radiored.com.mx\/blog\/#organization","name":"Radios kenwood | Blog de Radiored","url":"https:\/\/radiored.com.mx\/blog\/","logo":{"@type":"ImageObject","inLanguage":"es","@id":"https:\/\/radiored.com.mx\/blog\/#\/schema\/logo\/image\/","url":"https:\/\/radiored.com.mx\/blog\/wp-content\/uploads\/2020\/06\/logo_opcion_11.png","contentUrl":"https:\/\/radiored.com.mx\/blog\/wp-content\/uploads\/2020\/06\/logo_opcion_11.png","width":4116,"height":3582,"caption":"Radios kenwood | Blog de Radiored"},"image":{"@id":"https:\/\/radiored.com.mx\/blog\/#\/schema\/logo\/image\/"}}]}},"uagb_featured_image_src":{"full":["https:\/\/radiored.com.mx\/blog\/wp-content\/uploads\/2020\/08\/ID-2.2.jpg",1000,750,false],"thumbnail":["https:\/\/radiored.com.mx\/blog\/wp-content\/uploads\/2020\/08\/ID-2.2-150x150.jpg",150,150,true],"medium":["https:\/\/radiored.com.mx\/blog\/wp-content\/uploads\/2020\/08\/ID-2.2-300x225.jpg",300,225,true],"medium_large":["https:\/\/radiored.com.mx\/blog\/wp-content\/uploads\/2020\/08\/ID-2.2-768x576.jpg",768,576,true],"large":["https:\/\/radiored.com.mx\/blog\/wp-content\/uploads\/2020\/08\/ID-2.2.jpg",1000,750,false],"1536x1536":["https:\/\/radiored.com.mx\/blog\/wp-content\/uploads\/2020\/08\/ID-2.2.jpg",1000,750,false],"2048x2048":["https:\/\/radiored.com.mx\/blog\/wp-content\/uploads\/2020\/08\/ID-2.2.jpg",1000,750,false]},"uagb_author_info":{"display_name":"Luis","author_link":"https:\/\/radiored.com.mx\/blog\/author\/luismalave23gmail-com\/"},"uagb_comment_info":0,"uagb_excerpt":"Promover un entorno de trabajo seguro y 100% eficiente es muy importante en cualquier \u00e1mbito, pero si hablamos de la miner\u00eda el desaf\u00edo es mayor. Una alternativa para garantizar la seguridad es usar radios para miner\u00eda. Esta soluci\u00f3n comunicacional no solo les dar\u00e1 tranquilidad a los trabajadores sino que tambi\u00e9n los estimular\u00e1 a ser productivos.&hellip;","_links":{"self":[{"href":"https:\/\/radiored.com.mx\/blog\/wp-json\/wp\/v2\/pages\/1782","targetHints":{"allow":["GET"]}}],"collection":[{"href":"https:\/\/radiored.com.mx\/blog\/wp-json\/wp\/v2\/pages"}],"about":[{"href":"https:\/\/radiored.com.mx\/blog\/wp-json\/wp\/v2\/types\/page"}],"author":[{"embeddable":true,"href":"https:\/\/radiored.com.mx\/blog\/wp-json\/wp\/v2\/users\/2"}],"replies":[{"embeddable":true,"href":"https:\/\/radiored.com.mx\/blog\/wp-json\/wp\/v2\/comments?post=1782"}],"version-history":[{"count":5,"href":"https:\/\/radiored.com.mx\/blog\/wp-json\/wp\/v2\/pages\/1782\/revisions"}],"predecessor-version":[{"id":1841,"href":"https:\/\/radiored.com.mx\/blog\/wp-json\/wp\/v2\/pages\/1782\/revisions\/1841"}],"wp:featuredmedia":[{"embeddable":true,"href":"https:\/\/radiored.com.mx\/blog\/wp-json\/wp\/v2\/media\/1783"}],"wp:attachment":[{"href":"https:\/\/radiored.com.mx\/blog\/wp-json\/wp\/v2\/media?parent=1782"}],"curies":[{"name":"wp","href":"https:\/\/api.w.org\/{rel}","templated":true}]}}